ppose 0 = t + w*h + h, 4*t - 4*h - 24 = 0. Suppose t*j - 1408 = -6*j. What are the prime factors of j?
2
Let s(d) = 4*d**2 - 9*d + 15. Suppose 9*h + 47 = -7. Let j be 15*h/(-9) - 4. List the prime factors of s(j).
3, 5, 7
Let z = -66 + 55. Let l(j) be the second derivative of j**4/12 + j**3/6 - 5*j**2/2 + 24*j. What are the prime factors of l(z)?
3, 5, 7
Let p be (-4 - 1)/(-3*(-4)/(-1860)). Suppose -5*y + 5*v + p = 0, -2*y + 0*y - v = -307. What are the prime factors of y?
2, 7, 11
Let m = 83 + -81. Let p be 0 + m - (-12 + 1). Suppose -p*h = h - 1386. List the prime factors of h.
3, 11
Let w be 3*(812/(-12))/(-7). Suppose 0 = w*t + 4202 - 14990. List the prime factors of t.
2, 3, 31
Suppose 10*r = 9*r + 5*d + 12991, 5*d = -15. What are the prime factors of r?
2, 811
Let r(n) = n**3 + n**2 + n - 1. Let p(x) = 3*x**3 + 10*x**2 + 5*x - 24. Let w(t) = -p(t) + 6*r(t). List the prime factors of w(5).
2, 149
Suppose 5*p - 4*u = 3*p + 4, 5*u - 55 = -5*p. Let l be 7*(-4)/(-42) - p/(-6). Suppose 2*n = 6, -5*k = -l*k + 4*n - 528. What are the prime factors of k?
2, 43
Suppose 3*n + 3*b - 19962 = -2*n, n = -2*b + 3998. What are the prime factors of n?
2, 3, 5, 7, 19
Suppose -4*b + 4 = 0, -5*v + 10458 + 4603 = -4*b. List the prime factors of v.
23, 131
Let g(k) = -k**3 - 38*k**2 - 2*k - 87. Let n be g(-38). Let u(s) = s**2 - 12*s - 3 - 1 - 2*s**2. List the prime factors of u(n).
7
Suppose -15*f = -19*f + 3640. Let b be f/45 + -5 + (-2)/9. Suppose -2*v - b + 87 = 0. What are the prime factors of v?
2, 3
Let n = -29913 - -64493. What are the prime factors of n?
2, 5, 7, 13, 19
Suppose 0 = 206*p - 202*p - 13704. What are the prime factors of p?
2, 3, 571
Let k(b) = b**2 + 8*b + 5. Let d be k(-8). Suppose 3*a + d = 4*v, -4*v + 10 = -a + 3. Suppose 0 = -7*l + v*l + 210. What are the prime factors of l?
2, 3, 7
Let h(a) = 9587*a + 770. List the prime factors of h(6).
2, 13, 19, 59
Let j(a) = a**3 + 3*a**2 - a + 5. Let b be j(0). Suppose -18 = -b*x - 23. Let t(h) = -191*h - 7. List the prime factors of t(x).
2, 23
Suppose 0 = 4*r - 2502 - 422. Let x = r + -254. List the prime factors of x.
3, 53
Let r(d) = 5*d**3 + 8*d**2 + 19*d + 10. Let b be r(6). Let k = -120 + b. List the prime factors of k.
2, 7
Suppose 30*k - 1396269 = -81*k. What are the prime factors of k?
3, 7, 599
Let i(l) = l**3 - 12*l**2 + l - 6. Let h be i(12). Suppose h - 2 = g. Suppose 2*f - 10 = -g*z, 1 = -f + 2. List the prime factors of z.
2
Suppose 13*p - 1169 - 1678 = 0. Suppose -3067 = -3*t - g, 2*t - g - p = 1834. List the prime factors of t.
2
Let q be (-7)/(42/(-270))*2/6. What are the prime factors of 4526/6 + (-5)/q?
2, 13, 29
Let d(q) = -51*q + 79. Let s be d(-7). Let i = s - 224. List the prime factors of i.
2, 53
Let u(y) = 43*y**2 + 178*y + 46. List the prime factors of u(-14).
2, 3, 997
Suppose -5*j = -g + 2934, -g + 9*j - 12*j = -2942. List the prime factors of g.
2939
Suppose -3*u + 13226 = 2*i, 122*u - 124*u + 4*i + 8828 = 0. What are the prime factors of u?
2, 3, 5, 7
Suppose -335*u = -233*u - 146370. List the prime factors of u.
5, 7, 41
Let j be 2 - (-3)/((21/(-8))/7). Let a(u) = 3*u**2 + 6*u + 20. List the prime factors of a(j).
2, 23
Let y(a) = 21*a**3 + 12*a**2 + 16*a - 5. List the prime factors of y(7).
2, 11, 359
Let l(r) be the third derivative of -r**6/15 + r**5/10 + 13*r**4/24 + 2*r**3 - 36*r**2. What are the prime factors of l(-4)?
2, 71
Let y(d) = -d**2 + 16*d - 68. Let o be y(7). What are the prime factors of (-2238)/(-15) - (-1)/o?
149
Let t = 203 + -203. Suppose -b + 661 - 246 = t. What are the prime factors of b?
5, 83
Suppose -2*y + t = y + 231, -5*t = 0. Let o = y - -74. List the prime factors of (4 + o - -55) + 1.
3, 19
Suppose -40 = -8*d + 8. Suppose -d*q - 5240 = -16*q. Suppose 4*g + q = 8*g. List the prime factors of g.
131
List the prime factors of (235/705)/(2/24132).
2, 2011
Let k = -278 - -268. List the prime factors of 1159 + k + 3 + -1.
1151
Suppose 2*o + 2*s = 3*s, 2*o + 2*s = 12. Suppose 0 = -4*k + o*m + 410, 2*k = -3*k + 5*m + 510. What are the prime factors of k?
103
Let c = -838 + 42510. List the prime factors of c.
2, 5209
Suppose -5*h = -6*h + 121. Suppose 0 = -3*p + 445 - h. Suppose -p = 4*i - 816. List the prime factors of i.
3, 59
Let r(n) = 521*n - 6937. List the prime factors of r(61).
2, 6211
Let c(g) = 162*g**2 + 10*g + 15. Let i be c(-2). Suppose 0 = -i*w + 641*w + 2276. What are the prime factors of w?
2, 569
Let x = -1102 - -8999. What are the prime factors of x?
53, 149
What are the prime factors of ((-13205783)/(-248) - -16) + (-1)/8?
3, 5, 53, 67
Let f(q) be the third derivative of -q**4/24 + 47*q**3/2 - q**2 - 2. What are the prime factors of f(5)?
2, 17
Let h be (136/16 + -6)*-4. Let q(g) = -3*g**3 - 26*g**2 - 26*g - 10. What are the prime factors of q(h)?
2, 5, 13
Suppose -4*n + 118 - 14 = 0. Suppose -3*w - n = -d, 10*w + 25 = 5*w. Suppose -d*a + 442 + 999 = 0. What are the prime factors of a?
131
Let n = -95 - -189. Suppose 4*f + 5*y - 23 = 0, -4*y - 51 = -3*f - y. Let m = n + f. What are the prime factors of m?
2, 53
Let n(h) = -h**2 - 20*h - 4. Suppose 3*o - 19 - 23 = 2*i, 32 = -2*i - 2*o. Let y = i + 2. List the prime factors of n(y).
2, 3, 5
List the prime factors of 54/(-9) + 1 + 12790.
5, 2557
Let y = 902 + -910. What are the prime factors of (-526)/y*23/(299/104)?
2, 263
Suppose 0 = -p + 4*h + 393, -4*p + 799 + 830 = 3*h. Let q = 121 - 349. Let m = q + p. What are the prime factors of m?
3, 59
Let h = -70 + 44. Let n = -23 - h. Suppose n*o - 155 = 3*c + 202, -2*o + c = -233. List the prime factors of o.
2, 3, 19
Let c(h) = -h**3 - 18*h**2 + 19*h + 38. Suppose -4*x - 10 - 66 = 0. Let w be c(x). What are the prime factors of 466/14 + 2 + w/(-133)?
5, 7
Suppose 0 = 7*x - 42 - 91. Suppose -893 = -3*q + 17*i - x*i, -q = 4*i - 301. What are the prime factors of q?
3, 11
Suppose 0 = 5*a + 4*l - 153131, 185445 = 4*a + 3*l + 62940. What are the prime factors of a?
3, 41, 83
Let q = 310 + -307. Suppose -5*b = q*u - 924, 7*u = 5*u - b + 616. List the prime factors of u.
2, 7, 11
Let h(j) = -j**3 - 7*j**2 + 4. Let s be h(-7). List the prime factors of 87 + (6/(-12) - 18/s).
2, 41
Let c be 13 + ((-15)/90 - (-5)/(-6)). Let v(q) = 3*q**2 + 14*q - 3*q**2 - q**2. List the prime factors of v(c).
2, 3
Let v = 14 - -47. Let b = 78 - v. Suppose -o = -b - 3. What are the prime factors of o?
2, 5
Let b(i) be the third derivative of 5*i**4/4 - 119*i**3/6 + 23*i**2 + 5. What are the prime factors of b(12)?
241
Let i(m) = 6586*m**2 - 181*m - 2. What are the prime factors of i(-3)?
5, 7, 1709
Suppose 5*v - 10 = -0*q + q, 5*q - 5*v = -30. Suppose -22*t = -402 - 390. Let m = t + q. List the prime factors of m.
31
What are the prime factors of 44/55*(-502040)/(-16)?
2, 7, 11, 163
Let t(l) = 165 - 86*l - 156 + 15*l. List the prime factors of t(-6).
3, 5, 29
Let d = 163 + 31. Suppose -3*s - 65 = -d. Suppose 3*g + 3*p - s = p, -5*p = -4*g + 42. List the prime factors of g.
13
Suppose 0 = 160*o - 3770686 - 2807936 + 680222. List the prime factors of o.
5, 73, 101
What are the prime factors of 7*586064/(-1456)*-13?
36629
Let k(n) = 30*n**2 + 44*n + 445. List the prime factors of k(-22).
13997
Suppose -95755 - 80856 = -4*u - 5*j, 0 = -5*u - 3*j + 220780. List the prime factors of u.
44159
Suppose 0 = -3*n - 13 - 11, -4*t + 2156 = -4*n. What are the prime factors of t?
3, 59
Let d be 3*(-4)/(72/3)*62. Let i = -29 - d. Suppose b = 5*r - 3*b - 482, -5*r - i*b = -494. List the prime factors of r.
2, 7
Suppose s = -z + 416, -3*s + 1272 = -4*z + z. Suppose -8*k + 3*k = -s. Suppose -2*h = 4*d - k, -h = 3*d - 24 - 16. List the prime factors of h.
2, 23
Suppose 5*g - 3*g + 4*s - 16 = 0, 21 = -3*g + 3*s. Let y(u) = 116*u**2 - 16*u + 2. List the prime factors of y(g).
2, 3, 83
Suppose 17 + 25 = 3*v + 4*h, 2*h = -3*v + 48. Suppose -v*a + 1983 = -1941. What are the prime factors of a?
2, 109
Suppose -59809 - 5168 = -4*m - v, 3*v = 4*m - 64941. What are the prime factors of m?
2, 3, 2707
Let w = 155 - 156. What are the prime factors of w/(-11) - 7884/(-33)?
239
Let l(k) = 5*k**3 - 2*k**2 + 32*k - 95. Let f be l(3). Suppose 30 + 25 = 5*n. Let d = n + f. List the prime factors of d.
3, 43
Suppose 20 = -5*s, 4*w + 4*s = s + 4. Suppose w*a - 8 = -3*c + 135, 51 = c + 2*